{"id":383,"date":"2025-03-27T09:16:42","date_gmt":"2025-03-27T09:16:42","guid":{"rendered":"https:\/\/www.aec-unieux.com\/?page_id=383"},"modified":"2025-12-03T07:42:27","modified_gmt":"2025-12-03T07:42:27","slug":"sport-sante","status":"publish","type":"page","link":"https:\/\/www.aec-unieux.com\/index.php\/sport-sante\/","title":{"rendered":"Sport Sant\u00e9"},"content":{"rendered":"\t\t<div data-elementor-type=\"wp-page\" data-elementor-id=\"383\" class=\"elementor elementor-383\">\n\t\t\t\t<div class=\"elementor-element elementor-element-92e3163 e-flex e-con-boxed elementor-invisible e-con e-parent\" data-id=\"92e3163\" data-element_type=\"container\" data-e-type=\"container\" data-settings=\"{&quot;animation&quot;:&quot;bounce&quot;}\">\n\t\t\t\t\t<div class=\"e-con-inner\">\n\t\t<div class=\"elementor-element elementor-element-18fe575 e-con-full e-flex e-con e-child\" data-id=\"18fe575\" data-element_type=\"container\" data-e-type=\"container\" data-settings=\"{&quot;background_background&quot;:&quot;classic&quot;}\">\n\t\t\t\t<div class=\"elementor-element elementor-element-3a393a4 elementor-widget elementor-widget-heading\" data-id=\"3a393a4\" data-element_type=\"widget\" data-e-type=\"widget\" data-widget_type=\"heading.default\">\n\t\t\t\t<div class=\"elementor-widget-container\">\n\t\t\t\t\t<h2 class=\"elementor-heading-title elementor-size-default\">sport sant\u00e9<\/h2>\t\t\t\t<\/div>\n\t\t\t\t<\/div>\n\t\t\t\t<\/div>\n\t\t\t\t<div class=\"elementor-element elementor-element-f185b70 elementor-widget elementor-widget-image\" data-id=\"f185b70\" data-element_type=\"widget\" data-e-type=\"widget\" data-widget_type=\"image.default\">\n\t\t\t\t<div class=\"elementor-widget-container\">\n\t\t\t\t\t\t\t\t\t\t\t\t\t\t\t<img decoding=\"async\" width=\"213\" height=\"181\" src=\"https:\/\/www.aec-unieux.com\/wp-content\/uploads\/2025\/04\/SPORT-SANTE-8.png\" class=\"attachment-large size-large wp-image-626\" alt=\"\" \/>\t\t\t\t\t\t\t\t\t\t\t\t\t\t\t<\/div>\n\t\t\t\t<\/div>\n\t\t\t\t\t<\/div>\n\t\t\t\t<\/div>\n\t\t<div class=\"elementor-element elementor-element-62cbf39 e-flex e-con-boxed e-con e-parent\" data-id=\"62cbf39\" data-element_type=\"container\" data-e-type=\"container\">\n\t\t\t\t\t<div class=\"e-con-inner\">\n\t\t\t\t<div class=\"elementor-element elementor-element-6ae0cea elementor-widget elementor-widget-heading\" data-id=\"6ae0cea\" data-element_type=\"widget\" data-e-type=\"widget\" data-widget_type=\"heading.default\">\n\t\t\t\t<div class=\"elementor-widget-container\">\n\t\t\t\t\t<h3 class=\"elementor-heading-title elementor-size-default\">objectifs<\/h3>\t\t\t\t<\/div>\n\t\t\t\t<\/div>\n\t\t\t\t\t<\/div>\n\t\t\t\t<\/div>\n\t\t<div class=\"elementor-element elementor-element-c385a8e e-flex e-con-boxed e-con e-parent\" data-id=\"c385a8e\" data-element_type=\"container\" data-e-type=\"container\">\n\t\t\t\t\t<div class=\"e-con-inner\">\n\t\t\t\t<div class=\"elementor-element elementor-element-a53a0e3 elementor-widget__width-initial elementor-widget elementor-widget-text-editor\" data-id=\"a53a0e3\" data-element_type=\"widget\" data-e-type=\"widget\" data-widget_type=\"text-editor.default\">\n\t\t\t\t<div class=\"elementor-widget-container\">\n\t\t\t\t\t\t\t\t\t<p><strong>Permettre<\/strong> \u00e0 des personnes fortement s\u00e9dentaris\u00e9es ou ayant une pathologie particuli\u00e8re n\u00e9cessitant une adaptation, de reprendre ou conserver une activit\u00e9 physique en douceur pour retrouver un bien-\u00eatre physique et mental. <br \/><strong>L\u2019exercice<\/strong> n\u2019a pas besoin d\u2019\u00eatre difficile pour \u00eatre b\u00e9n\u00e9fique : l\u2019essentiel est de bouger r\u00e9guli\u00e8rement avec PLAISIR !<\/p><p><strong>Trouver<\/strong> de la motivation en pratiquant en groupe<\/p>\t\t\t\t\t\t\t\t<\/div>\n\t\t\t\t<\/div>\n\t\t\t\t\t<\/div>\n\t\t\t\t<\/div>\n\t\t<div class=\"elementor-element elementor-element-39c67db e-flex e-con-boxed e-con e-parent\" data-id=\"39c67db\" data-element_type=\"container\" data-e-type=\"container\">\n\t\t\t\t\t<div class=\"e-con-inner\">\n\t\t\t\t<div class=\"elementor-element elementor-element-0ca0ef4 elementor-widget-divider--separator-type-pattern elementor-widget-divider--no-spacing elementor-widget-divider--view-line elementor-widget elementor-widget-divider\" data-id=\"0ca0ef4\" data-element_type=\"widget\" data-e-type=\"widget\" data-widget_type=\"divider.default\">\n\t\t\t\t<div class=\"elementor-widget-container\">\n\t\t\t\t\t\t\t<div class=\"elementor-divider\" style=\"--divider-pattern-url: url(&quot;data:image\/svg+xml,%3Csvg xmlns=&#039;http:\/\/www.w3.org\/2000\/svg&#039; preserveAspectRatio=&#039;xMidYMid meet&#039; overflow=&#039;visible&#039; height=&#039;100%&#039; viewBox=&#039;0 0 126 26&#039; fill=&#039;black&#039; stroke=&#039;none&#039;%3E%3Cpath d=&#039;M3,10.2c2.6,0,2.6,2,2.6,3.2S4.4,16.5,3,16.5s-3-1.4-3-3.2S0.4,10.2,3,10.2z M18.8,10.2c1.7,0,3.2,1.4,3.2,3.2s-1.4,3.2-3.2,3.2c-1.7,0-3.2-1.4-3.2-3.2S17,10.2,18.8,10.2z M34.6,10.2c1.5,0,2.6,1.4,2.6,3.2s-0.5,3.2-1.9,3.2c-1.5,0-3.4-1.4-3.4-3.2S33.1,10.2,34.6,10.2z M50.5,10.2c1.7,0,3.2,1.4,3.2,3.2s-1.4,3.2-3.2,3.2c-1.7,0-3.3-0.9-3.3-2.6S48.7,10.2,50.5,10.2z M66.2,10.2c1.5,0,3.4,1.4,3.4,3.2s-1.9,3.2-3.4,3.2c-1.5,0-2.6-0.4-2.6-2.1S64.8,10.2,66.2,10.2z M82.2,10.2c1.7,0.8,2.6,1.4,2.6,3.2s-0.1,3.2-1.6,3.2c-1.5,0-3.7-1.4-3.7-3.2S80.5,9.4,82.2,10.2zM98.6,10.2c1.5,0,2.6,0.4,2.6,2.1s-1.2,4.2-2.6,4.2c-1.5,0-3.7-0.4-3.7-2.1S97.1,10.2,98.6,10.2z M113.4,10.2c1.2,0,2.2,0.9,2.2,3.2s-0.1,3.2-1.3,3.2s-3.1-1.4-3.1-3.2S112.2,10.2,113.4,10.2z&#039;\/%3E%3C\/svg%3E&quot;);\">\n\t\t\t<span class=\"elementor-divider-separator\">\n\t\t\t\t\t\t<\/span>\n\t\t<\/div>\n\t\t\t\t\t\t<\/div>\n\t\t\t\t<\/div>\n\t\t\t\t\t<\/div>\n\t\t\t\t<\/div>\n\t\t<div class=\"elementor-element elementor-element-d47c446 e-flex e-con-boxed e-con e-parent\" data-id=\"d47c446\" data-element_type=\"container\" data-e-type=\"container\">\n\t\t\t\t\t<div class=\"e-con-inner\">\n\t\t\t\t<div class=\"elementor-element elementor-element-8b68430 elementor-widget elementor-widget-image\" data-id=\"8b68430\" data-element_type=\"widget\" data-e-type=\"widget\" data-widget_type=\"image.default\">\n\t\t\t\t<div class=\"elementor-widget-container\">\n\t\t\t\t\t\t\t\t\t\t\t\t\t\t\t<img decoding=\"async\" width=\"284\" height=\"164\" src=\"https:\/\/www.aec-unieux.com\/wp-content\/uploads\/2025\/04\/sport-et-sante-E-120418.jpg\" class=\"attachment-large size-large wp-image-877\" alt=\"\" \/>\t\t\t\t\t\t\t\t\t\t\t\t\t\t\t<\/div>\n\t\t\t\t<\/div>\n\t\t\t\t\t<\/div>\n\t\t\t\t<\/div>\n\t\t<div class=\"elementor-element elementor-element-8fdf563 e-con-full e-flex e-con e-parent\" data-id=\"8fdf563\" data-element_type=\"container\" data-e-type=\"container\">\n\t\t<div class=\"elementor-element elementor-element-a0c4bcd e-con-full e-flex e-con e-child\" data-id=\"a0c4bcd\" data-element_type=\"container\" data-e-type=\"container\">\n\t\t\t\t<div class=\"elementor-element elementor-element-abb50cd elementor-widget elementor-widget-heading\" data-id=\"abb50cd\" data-element_type=\"widget\" data-e-type=\"widget\" data-widget_type=\"heading.default\">\n\t\t\t\t<div class=\"elementor-widget-container\">\n\t\t\t\t\t<h3 class=\"elementor-heading-title elementor-size-default\">RENCONTRES <\/h3>\t\t\t\t<\/div>\n\t\t\t\t<\/div>\n\t\t\t\t<div class=\"elementor-element elementor-element-937c546 elementor-widget__width-initial elementor-widget elementor-widget-text-editor\" data-id=\"937c546\" data-element_type=\"widget\" data-e-type=\"widget\" data-widget_type=\"text-editor.default\">\n\t\t\t\t<div class=\"elementor-widget-container\">\n\t\t\t\t\t\t\t\t\t<p><strong>Renforcement musculaire<\/strong>\u00a0:<\/p><p>Mardi de 18h \u00e0 19h salle de l\u2019Arc en ciel<\/p><p><strong>Marche<\/strong> : Jeudi \u00e0 18h<\/p><p>(1 \u00e0 2 heures)<\/p>\t\t\t\t\t\t\t\t<\/div>\n\t\t\t\t<\/div>\n\t\t\t\t<\/div>\n\t\t<div class=\"elementor-element elementor-element-30b1e36 e-con-full e-flex e-con e-child\" data-id=\"30b1e36\" data-element_type=\"container\" data-e-type=\"container\">\n\t\t\t\t<div class=\"elementor-element elementor-element-488e8a5 elementor-widget elementor-widget-heading\" data-id=\"488e8a5\" data-element_type=\"widget\" data-e-type=\"widget\" data-widget_type=\"heading.default\">\n\t\t\t\t<div class=\"elementor-widget-container\">\n\t\t\t\t\t<h3 class=\"elementor-heading-title elementor-size-default\">tarif<\/h3>\t\t\t\t<\/div>\n\t\t\t\t<\/div>\n\t\t\t\t<div class=\"elementor-element elementor-element-a52e6d6 elementor-widget__width-initial elementor-widget elementor-widget-text-editor\" data-id=\"a52e6d6\" data-element_type=\"widget\" data-e-type=\"widget\" data-widget_type=\"text-editor.default\">\n\t\t\t\t<div class=\"elementor-widget-container\">\n\t\t\t\t\t\t\t\t\t<p>20 \u20ac l\u2019ann\u00e9e <br \/>Certificat de non contre-indication \u00e0 la pratique d\u2019une activit\u00e9 physique<\/p>\t\t\t\t\t\t\t\t<\/div>\n\t\t\t\t<\/div>\n\t\t\t\t<\/div>\n\t\t<div class=\"elementor-element elementor-element-6432a39 e-con-full e-flex e-con e-child\" data-id=\"6432a39\" data-element_type=\"container\" data-e-type=\"container\">\n\t\t\t\t<div class=\"elementor-element elementor-element-dfca99d elementor-widget elementor-widget-heading\" data-id=\"dfca99d\" data-element_type=\"widget\" data-e-type=\"widget\" data-widget_type=\"heading.default\">\n\t\t\t\t<div class=\"elementor-widget-container\">\n\t\t\t\t\t<h3 class=\"elementor-heading-title elementor-size-default\">contact<\/h3>\t\t\t\t<\/div>\n\t\t\t\t<\/div>\n\t\t\t\t<div class=\"elementor-element elementor-element-b92ce5c elementor-widget elementor-widget-text-editor\" data-id=\"b92ce5c\" data-element_type=\"widget\" data-e-type=\"widget\" data-widget_type=\"text-editor.default\">\n\t\t\t\t<div class=\"elementor-widget-container\">\n\t\t\t\t\t\t\t\t\t<p>Pour tous renseignements :<\/p><p>Sophie Fayon<\/p><p>T\u00e9l : 06.68.98.58.45<\/p><p>Mail : <a class=\"spip_mail\" href=\"mailto:sportsanteunieux@gmail.com\">sport sante unieux<\/a><\/p>\t\t\t\t\t\t\t\t<\/div>\n\t\t\t\t<\/div>\n\t\t\t\t<\/div>\n\t\t\t\t<\/div>\n\t\t\t\t<\/div>\n\t\t","protected":false},"excerpt":{"rendered":"<p>sport sant\u00e9 objectifs Permettre \u00e0 des personnes fortement s\u00e9dentaris\u00e9es ou ayant une pathologie particuli\u00e8re n\u00e9cessitant une adaptation, de reprendre ou [&hellip;]<\/p>\n","protected":false},"author":1,"featured_media":0,"parent":0,"menu_order":0,"comment_status":"closed","ping_status":"closed","template":"","meta":{"site-sidebar-layout":"no-sidebar","site-content-layout":"","ast-site-content-layout":"full-width-container","site-content-style":"default","site-sidebar-style":"default","ast-global-header-display":"","ast-banner-title-visibility":"","ast-main-header-display":"","ast-hfb-above-header-display":"","ast-hfb-below-header-display":"","ast-hfb-mobile-header-display":"","site-post-title":"disabled","ast-breadcrumbs-content":"","ast-featured-img":"disabled","footer-sml-layout":"","ast-disable-related-posts":"","theme-transparent-header-meta":"","adv-header-id-meta":"","stick-header-meta":"","header-above-stick-meta":"","header-main-stick-meta":"","header-below-stick-meta":"","astra-migrate-meta-layouts":"default","ast-page-background-enabled":"default","ast-page-background-meta":{"desktop":{"background-color":"var(--ast-global-color-5)","background-image":"","background-repeat":"repeat","background-position":"center center","background-size":"auto","background-attachment":"scroll","background-type":"","background-media":"","overlay-type":"","overlay-color":"","overlay-opacity":"","overlay-gradient":""},"tablet":{"background-color":"","background-image":"","background-repeat":"repeat","background-position":"center center","background-size":"auto","background-attachment":"scroll","background-type":"","background-media":"","overlay-type":"","overlay-color":"","overlay-opacity":"","overlay-gradient":""},"mobile":{"background-color":"","background-image":"","background-repeat":"repeat","background-position":"center center","background-size":"auto","background-attachment":"scroll","background-type":"","background-media":"","overlay-type":"","overlay-color":"","overlay-opacity":"","overlay-gradient":""}},"ast-content-background-meta":{"desktop":{"background-color":"var(--ast-global-color-4)","background-image":"","background-repeat":"repeat","background-position":"center center","background-size":"auto","background-attachment":"scroll","background-type":"","background-media":"","overlay-type":"","overlay-color":"","overlay-opacity":"","overlay-gradient":""},"tablet":{"background-color":"var(--ast-global-color-4)","background-image":"","background-repeat":"repeat","background-position":"center center","background-size":"auto","background-attachment":"scroll","background-type":"","background-media":"","overlay-type":"","overlay-color":"","overlay-opacity":"","overlay-gradient":""},"mobile":{"background-color":"var(--ast-global-color-4)","background-image":"","background-repeat":"repeat","background-position":"center center","background-size":"auto","background-attachment":"scroll","background-type":"","background-media":"","overlay-type":"","overlay-color":"","overlay-opacity":"","overlay-gradient":""}},"footnotes":""},"class_list":["post-383","page","type-page","status-publish","hentry"],"yoast_head":"<!-- This site is optimized with the Yoast SEO plugin v27.5 - https:\/\/yoast.com\/product\/yoast-seo-wordpress\/ -->\n<title>Sport Sant\u00e9 -<\/title>\n<meta name=\"robots\" content=\"index, follow, max-snippet:-1, max-image-preview:large, max-video-preview:-1\" \/>\n<link rel=\"canonical\" href=\"https:\/\/www.aec-unieux.com\/index.php\/sport-sante\/\" \/>\n<meta property=\"og:locale\" content=\"fr_FR\" \/>\n<meta property=\"og:type\" content=\"article\" \/>\n<meta property=\"og:title\" content=\"Sport Sant\u00e9 -\" \/>\n<meta property=\"og:description\" content=\"sport sant\u00e9 objectifs Permettre \u00e0 des personnes fortement s\u00e9dentaris\u00e9es ou ayant une pathologie particuli\u00e8re n\u00e9cessitant une adaptation, de reprendre ou [&hellip;]\" \/>\n<meta property=\"og:url\" content=\"https:\/\/www.aec-unieux.com\/index.php\/sport-sante\/\" \/>\n<meta property=\"article:modified_time\" content=\"2025-12-03T07:42:27+00:00\" \/>\n<meta property=\"og:image\" content=\"https:\/\/www.aec-unieux.com\/wp-content\/uploads\/2025\/04\/SPORT-SANTE-8.png\" \/>\n\t<meta property=\"og:image:width\" content=\"213\" \/>\n\t<meta property=\"og:image:height\" content=\"181\" \/>\n\t<meta property=\"og:image:type\" content=\"image\/png\" \/>\n<meta name=\"twitter:card\" content=\"summary_large_image\" \/>\n<meta name=\"twitter:label1\" content=\"Dur\u00e9e de lecture estim\u00e9e\" \/>\n\t<meta name=\"twitter:data1\" content=\"1 minute\" \/>\n<script type=\"application\/ld+json\" class=\"yoast-schema-graph\">{\"@context\":\"https:\\\/\\\/schema.org\",\"@graph\":[{\"@type\":\"WebPage\",\"@id\":\"https:\\\/\\\/www.aec-unieux.com\\\/index.php\\\/sport-sante\\\/\",\"url\":\"https:\\\/\\\/www.aec-unieux.com\\\/index.php\\\/sport-sante\\\/\",\"name\":\"Sport Sant\u00e9 -\",\"isPartOf\":{\"@id\":\"https:\\\/\\\/www.aec-unieux.com\\\/#website\"},\"primaryImageOfPage\":{\"@id\":\"https:\\\/\\\/www.aec-unieux.com\\\/index.php\\\/sport-sante\\\/#primaryimage\"},\"image\":{\"@id\":\"https:\\\/\\\/www.aec-unieux.com\\\/index.php\\\/sport-sante\\\/#primaryimage\"},\"thumbnailUrl\":\"https:\\\/\\\/www.aec-unieux.com\\\/wp-content\\\/uploads\\\/2025\\\/04\\\/SPORT-SANTE-8.png\",\"datePublished\":\"2025-03-27T09:16:42+00:00\",\"dateModified\":\"2025-12-03T07:42:27+00:00\",\"breadcrumb\":{\"@id\":\"https:\\\/\\\/www.aec-unieux.com\\\/index.php\\\/sport-sante\\\/#breadcrumb\"},\"inLanguage\":\"fr-FR\",\"potentialAction\":[{\"@type\":\"ReadAction\",\"target\":[\"https:\\\/\\\/www.aec-unieux.com\\\/index.php\\\/sport-sante\\\/\"]}]},{\"@type\":\"ImageObject\",\"inLanguage\":\"fr-FR\",\"@id\":\"https:\\\/\\\/www.aec-unieux.com\\\/index.php\\\/sport-sante\\\/#primaryimage\",\"url\":\"https:\\\/\\\/www.aec-unieux.com\\\/wp-content\\\/uploads\\\/2025\\\/04\\\/SPORT-SANTE-8.png\",\"contentUrl\":\"https:\\\/\\\/www.aec-unieux.com\\\/wp-content\\\/uploads\\\/2025\\\/04\\\/SPORT-SANTE-8.png\",\"width\":213,\"height\":181},{\"@type\":\"BreadcrumbList\",\"@id\":\"https:\\\/\\\/www.aec-unieux.com\\\/index.php\\\/sport-sante\\\/#breadcrumb\",\"itemListElement\":[{\"@type\":\"ListItem\",\"position\":1,\"name\":\"Accueil\",\"item\":\"https:\\\/\\\/www.aec-unieux.com\\\/\"},{\"@type\":\"ListItem\",\"position\":2,\"name\":\"Sport Sant\u00e9\"}]},{\"@type\":\"WebSite\",\"@id\":\"https:\\\/\\\/www.aec-unieux.com\\\/#website\",\"url\":\"https:\\\/\\\/www.aec-unieux.com\\\/\",\"name\":\"\",\"description\":\"Association regroupant des personnes pratiquant des activit\u00e9s de loisir et sportives\",\"potentialAction\":[{\"@type\":\"SearchAction\",\"target\":{\"@type\":\"EntryPoint\",\"urlTemplate\":\"https:\\\/\\\/www.aec-unieux.com\\\/?s={search_term_string}\"},\"query-input\":{\"@type\":\"PropertyValueSpecification\",\"valueRequired\":true,\"valueName\":\"search_term_string\"}}],\"inLanguage\":\"fr-FR\"}]}<\/script>\n<!-- \/ Yoast SEO plugin. -->","yoast_head_json":{"title":"Sport Sant\u00e9 -","robots":{"index":"index","follow":"follow","max-snippet":"max-snippet:-1","max-image-preview":"max-image-preview:large","max-video-preview":"max-video-preview:-1"},"canonical":"https:\/\/www.aec-unieux.com\/index.php\/sport-sante\/","og_locale":"fr_FR","og_type":"article","og_title":"Sport Sant\u00e9 -","og_description":"sport sant\u00e9 objectifs Permettre \u00e0 des personnes fortement s\u00e9dentaris\u00e9es ou ayant une pathologie particuli\u00e8re n\u00e9cessitant une adaptation, de reprendre ou [&hellip;]","og_url":"https:\/\/www.aec-unieux.com\/index.php\/sport-sante\/","article_modified_time":"2025-12-03T07:42:27+00:00","og_image":[{"width":213,"height":181,"url":"https:\/\/www.aec-unieux.com\/wp-content\/uploads\/2025\/04\/SPORT-SANTE-8.png","type":"image\/png"}],"twitter_card":"summary_large_image","twitter_misc":{"Dur\u00e9e de lecture estim\u00e9e":"1 minute"},"schema":{"@context":"https:\/\/schema.org","@graph":[{"@type":"WebPage","@id":"https:\/\/www.aec-unieux.com\/index.php\/sport-sante\/","url":"https:\/\/www.aec-unieux.com\/index.php\/sport-sante\/","name":"Sport Sant\u00e9 -","isPartOf":{"@id":"https:\/\/www.aec-unieux.com\/#website"},"primaryImageOfPage":{"@id":"https:\/\/www.aec-unieux.com\/index.php\/sport-sante\/#primaryimage"},"image":{"@id":"https:\/\/www.aec-unieux.com\/index.php\/sport-sante\/#primaryimage"},"thumbnailUrl":"https:\/\/www.aec-unieux.com\/wp-content\/uploads\/2025\/04\/SPORT-SANTE-8.png","datePublished":"2025-03-27T09:16:42+00:00","dateModified":"2025-12-03T07:42:27+00:00","breadcrumb":{"@id":"https:\/\/www.aec-unieux.com\/index.php\/sport-sante\/#breadcrumb"},"inLanguage":"fr-FR","potentialAction":[{"@type":"ReadAction","target":["https:\/\/www.aec-unieux.com\/index.php\/sport-sante\/"]}]},{"@type":"ImageObject","inLanguage":"fr-FR","@id":"https:\/\/www.aec-unieux.com\/index.php\/sport-sante\/#primaryimage","url":"https:\/\/www.aec-unieux.com\/wp-content\/uploads\/2025\/04\/SPORT-SANTE-8.png","contentUrl":"https:\/\/www.aec-unieux.com\/wp-content\/uploads\/2025\/04\/SPORT-SANTE-8.png","width":213,"height":181},{"@type":"BreadcrumbList","@id":"https:\/\/www.aec-unieux.com\/index.php\/sport-sante\/#breadcrumb","itemListElement":[{"@type":"ListItem","position":1,"name":"Accueil","item":"https:\/\/www.aec-unieux.com\/"},{"@type":"ListItem","position":2,"name":"Sport Sant\u00e9"}]},{"@type":"WebSite","@id":"https:\/\/www.aec-unieux.com\/#website","url":"https:\/\/www.aec-unieux.com\/","name":"","description":"Association regroupant des personnes pratiquant des activit\u00e9s de loisir et sportives","potentialAction":[{"@type":"SearchAction","target":{"@type":"EntryPoint","urlTemplate":"https:\/\/www.aec-unieux.com\/?s={search_term_string}"},"query-input":{"@type":"PropertyValueSpecification","valueRequired":true,"valueName":"search_term_string"}}],"inLanguage":"fr-FR"}]}},"_links":{"self":[{"href":"https:\/\/www.aec-unieux.com\/index.php\/wp-json\/wp\/v2\/pages\/383","targetHints":{"allow":["GET"]}}],"collection":[{"href":"https:\/\/www.aec-unieux.com\/index.php\/wp-json\/wp\/v2\/pages"}],"about":[{"href":"https:\/\/www.aec-unieux.com\/index.php\/wp-json\/wp\/v2\/types\/page"}],"author":[{"embeddable":true,"href":"https:\/\/www.aec-unieux.com\/index.php\/wp-json\/wp\/v2\/users\/1"}],"replies":[{"embeddable":true,"href":"https:\/\/www.aec-unieux.com\/index.php\/wp-json\/wp\/v2\/comments?post=383"}],"version-history":[{"count":28,"href":"https:\/\/www.aec-unieux.com\/index.php\/wp-json\/wp\/v2\/pages\/383\/revisions"}],"predecessor-version":[{"id":1793,"href":"https:\/\/www.aec-unieux.com\/index.php\/wp-json\/wp\/v2\/pages\/383\/revisions\/1793"}],"wp:attachment":[{"href":"https:\/\/www.aec-unieux.com\/index.php\/wp-json\/wp\/v2\/media?parent=383"}],"curies":[{"name":"wp","href":"https:\/\/api.w.org\/{rel}","templated":true}]}}